12 (base 7) to base 12.
-253b
-705 (base 8) to base 11
-382
Convert -2343 (base 9) to base 2.
-11011001100
What is -21112110 (base 3) in base 2?
-1010101110101
Convert 2002021 (base 4) to base 13.
3a39
What is -123 (base 16) in base 2?
-100100011
Convert 111110 (base 7) to base 3.
222220012
31354 (base 8) to base 16
32ec
Convert 500 (base 6) to base 13.
10b
What is -2143 (base 7) in base 9?
-1041
What is 205342 (base 7) in base 13?
13213
Convert -424 (base 7) to base 6.
-554
What is -9b5a (base 12) in base 10?
-17206
Convert 67d (base 16) to base 5.
23121
Convert 288 (base 12) to base 14.
200
What is -1187 (base 12) in base 9?
-2634
What is -222110 (base 3) in base 10?
-714
What is -1683 (base 12) in base 10?
-2691
21d4 (base 16) to base 5
234120
Convert 430 (base 6) to base 3.
20000
Convert 11110101110011 (base 2) to base 12.
912b
Convert 24b9 (base 14) to base 10.
6435
What is -8655 (base 12) in base 5?
-433003
Convert -1653 (base 12) to base 8.
-5137
a860 (base 13) to base 7
125136
6ebc (base 15) to base 6
301053
What is 13d6 (base 14) in base 6?
24144
Convert -16441 (base 8) to base 14.
-2a09
What is 827 (base 13) in base 11?
104a
Convert 12cb (base 13) to base 10.
2702
Convert 3021 (base 11) to base 15.
12cb
Convert 212033 (base 4) to base 15.
ad2
-6d (base 15) to base 6
-251
What is 112011 (base 3) in base 5?
3012
What is 617 (base 9) in base 10?
502
What is 3463 (base 7) in base 3?
1202001
What is 1560 (base 9) in base 16?
4a4
What is 29d0 (base 15) in base 8?
21412
What is -11002010 (base 3) in base 6?
-21433
What is 1d97 (base 16) in base 9?
11346
Convert -2464 (base 10) to base 16.
-9a0
1072e (base 15) to base 2
1100110000010100
Convert -1a88 (base 15) to base 11.
-4360
Convert 5e0 (base 15) to base 5.
20320
Convert 1356 (base 8) to base 14.
3b8
112022002 (base 3) to base 11
7917
What is 502244 (base 6) in base 12?
1a984
-1a7 (base 12) to base 4
-10033
Convert -9012 (base 11) to base 3.
-121110011
2b4 (base 16) to base 12
498
-2322 (base 6) to base 8
-1052
2056 (base 8) to base 9
1418
What is 2c70 (base 14) in base 11?
5a67
8478 (base 12) to base 14
53d2
Convert 4352 (base 7) to base 10.
1556
-1485 (base 10) to base 16
-5cd
Convert -178 (base 9) to base 14.
-ac
Convert 362 (base 14) to base 11.
563
Convert 123203 (base 4) to base 9.
2368
Convert -91 (base 15) to base 7.
-253
-4a3 (base 11) to base 15
-29c
What is -148 (base 15) in base 3?
-101212
What is -3704 (base 9) in base 8?
-5306
What is -6ca (base 13) in base 6?
-5244
Convert 2532 (base 7) to base 8.
1672
-12022 (base 4) to base 6
-1454
What is -662 (base 11) in base 10?
-794
13890 (base 10) to base 16
3642
What is 101011110111 (base 2) in base 10?
2807
What is -11415 (base 6) in base 12?
-b6b
Convert -326 (base 11) to base 10.
-391
7a13 (base 14) to base 8
51301
Convert -4699 (base 11) to base 2.
-1100000001110
What is -1011011100011 (base 2) in base 11?
-4447
What is 5544 (base 12) in base 14?
3604
What is 100001100000111 (base 2) in base 12?
9b1b
300 (base 13) to base 12
363
3627 (base 10) to base 12
2123
-111011101100 (base 2) to base 14
-156c
What is -5d16 (base 15) in base 14?
-731b
Convert -245455 (base 6) to base 11.
-15586
75475 (base 9) to base 3
2112112112
111122100 (base 3) to base 11
7521
7b3 (base 12) to base 10
1143
Convert 1eda (base 15) to base 3.
100020021
-7173 (base 9) to base 3
-21012110
What is 9398 (base 16) in base 3?
1220211102
-320 (base 7) to base 8
-241
Convert -11aa (base 16) to base 3.
-20012111
What is -cfd (base 16) in base 4?
-303331
What is 3313300 (base 4) in base 11?
10a05
What is -495 (base 10) in base 2?
-111101111
Convert 2711 (base 13) to base 14.
2075
Convert -4106 (base 10) to base 6.
-31002
313322 (base 5) to base 11
7951
-2648 (base 11) to base 14
-137a
Convert -8400 (base 16) to base 5.
-2040132
-1112 (base 4) to base 15
-5b
What is 24210 (base 7) in base 9?
8546
Convert -11400 (base 5) to base 6.
-3534
What is -581 (base 9) in base 14?
-262
What is -1142 (base 7) in base 16?
-1a6
Convert 3104 (base 8) to base 3.
2012102
-45641 (base 7) to base 13
-53b7
What is 108e (base 15) in base 3?
11210222
-1b4 (base 16) to base 6
-2004
Convert 142a8 (base 15) to base 13.
23606
Convert -1a61 (base 12) to base 11.
-2487
What is -1111411 (base 5) in base 16?
-4c96
What is -9415 (base 16) in base 5?
-2203114
What is -4a8 (base 13) in base 15?
-394
Convert 324b (base 16) to base 2.
11001001001011
3bb (base 15) to base 12
5ab
Convert 195 (base 14) to base 6.
1303
-5370 (base 8) to base 6
-21000
What is 703 (base 10) in base 12?
4a7
25105 (base 7) to base 2
1100110101011
What is -3c4 (base 13) in base 5?
-10132
-4350 (base 6) to base 16
-3ea
-9825 (base 13) to base 12
-102b0
What is 1231 (base 5) in base 9?
232
-213230 (base 4) to base 11
-19aa
-895 (base 15) to base 14
-9c8
-30302 (base 4) to base 16
-332
-100100011 (base 2) to base 4
-10203
287 (base 14) to base 10
511
What is 20320 (base 7) in base 3?
20210211
-11662 (base 7) to base 4
-300022
What is -260 (base 14) in base 12?
-338
85b5 (base 15) to base 7
145331
-183 (base 14) to base 8
-467
What is -17402 (base 8) in base 9?
-11800
10100010010 (base 2) to base 14
68a
What is -3643 (base 15) in base 6?
-125230
-201333 (base 4) to base 10
-2175
What is 1012121012 (base 3) in base 16?
5cd5
-12b27 (base 13) to base 8
-104037
Convert -56a (base 12) to base 16.
-322
What is -1163 (base 11) in base 10?
-1521
What is -8051 (base 11) in base 7?
-43131
Convert -520 (base 10) to base 4.
-20020
-a46 (base 14) to base 11
-1579
15aa5 (base 11) to base 3
1011000211
-100111100110 (base 2) to base 8
-4746
-41324 (base 5) to base 6
-20322
a5 (base 15) to base 10
155
Convert -2764 (base 12) to base 4.
-1012330
Convert -175 (base 16) to base 2.
-101110101
1a62 (base 11) to base 13
1259
-1369 (base 16) to base 7
-20326
What is 120 (base 13) in base 4?
3003
What is 9013 (base 13) in base 15?
5ce4
-21341 (base 5) to base 8
-2677
2441 (base 6) to base 4
21121
Convert -66634 (base 7) to base 14.
-618b
What is 111301 (base 4) in base 8?
2561
What is 111000111100000 (base 2) in base 7?
150664
What is ca (base 16) in base 9?
244
What is -125267 (base 8) in base 3?
-2012221122
-1cc (base 16) to base 2
-111001100
2402 (base 6) to base 15
288
-56 (base 7) to base 9
-45
Convert 954 (base 13) to base 7.
4431
Convert 40145 (base 7) to base 9.
14252
203 (base 8) to base 15
8b
710 (base 8) to base 11
385
What is 5001 (base 11) in base 15?
1e8b
What is 510 (base 6) in base 15?
c6
-14064 (base 7) to base 15
-11e9
-1090 (base 15) to base 16
-db6
Convert 100 (base 3) to base 7.
12
203476 (base 8) to base 10
67390
What is -372 (base 9) in base 3?
-102102
What is 22110210 (base 3) in base 14?
2373
189bb (base 12) to base 13
13502
-475 (base 12) to base 10
-665
6da (base 16) to base 15
7be
Convert -18002 (base 14) to base 4.
-32233102
61401 (base 7) to base 11
10258
What is 11132 (base 6) in base 7?
4400
Convert 1202212212 (base 3) to base 16.
885b
112 (base 14) to base 10
212
33343 (base 5) to base 4
210230
Convert -27063 (base 9) to base 5.
-1041112
What is 1315 (base 12) in base 9?
2878
591 (base 10) to base 4
21033
-2b0 (base 13) to base 12
-341
221101 (base 3) to base 16
2ad
Convert 67728 (base 10) to base 2.
10000100010010000
-1001000101110 (base 2) to base 11
-3551
Convert 4593 (base 16) to base 3.
220102200
What is 3253 (base 8) in base 6?
11523
-299e (base 15) to base 5
-241144
What is -222130 (base 4) in base 13?
-130c
What is 154 (base 13) in base 9?
284
What is -2203302 (base 4) in base 8?
-24362
-139 (base 12) to base 7
-360
Convert -bb41 (base 15) to base 2.
-1001101011101101
Convert -329 (base 15) to base 2.
-1011001010
-10000111101 (base 2) to base 6
-5005
What is 1342 (base 8) in base 15?
343
Convert 211125 (base 6) to base 4.
10023131
Convert 31302 (base 4) to base 13.
52b
Convert 10341 (base 6) to base 16.
595
What is 5131 (base 10) in base 16?
140b
What is 101121221 (base 3) in base 14?
2b75
Convert -32645 (base 11) to base 5.
-3003420
What is 1003330 (base 5) in base 2?
11111011011010
8b65 (base 14) to base 10
24197
Convert 804 (base 11) to base 12.
690
-15cb (base 16) to base 14
-2067
What is 3543 (base 12) in base 15?
1b70
-410 (base 7) to base 12
-14b
-294a (base 11) to base 5
-110210
Convert -5ea (base 16)